{"id":398,"date":"2025-01-13T09:22:01","date_gmt":"2025-01-13T09:22:01","guid":{"rendered":"https:\/\/almaconceptstore.com\/?post_type=product&#038;p=398"},"modified":"2025-06-29T13:12:32","modified_gmt":"2025-06-29T13:12:32","slug":"die-versuchung-die-frau","status":"publish","type":"product","link":"https:\/\/almaconceptstore.com\/?product=die-versuchung-die-frau","title":{"rendered":"Die Versuchung &#8211; Die Frau"},"content":{"rendered":"<p>Die Skulptur &#8222;Die Versuchung &#8211; Die Frau&#8220; ist eine Kunstwerk aus Stahl, das ein verf\u00fchrerisches weibliches Gesicht in hoher Detailgenauigkeit darstellt. Die hochwertige Pulverbeschichtung verleiht der Skulptur ein elegantes Finish und sorgt daf\u00fcr, dass sie sowohl drinnen als auch drau\u00dfen aufgestellt werden kann. Das Kunstwerk ist ideal f\u00fcr Liebhaber von moderner Kunst und Skulpturen, die das Sch\u00f6ne und Verf\u00fchrerische in einem einzigartigen Kunstwerk vereinen m\u00f6chten.<\/p>\n<ul>\n<li style=\"list-style-type: none;\">\n<ul>\n<li>Material: Stahl<\/li>\n<li>Ma\u00dfe: 35 cm Hoch x 28 cm Breit<\/li>\n<li>Oberfl\u00e4che: hochwertige Pulverbeschichtung<\/li>\n<li>Farbe: Classic Grey<\/li>\n<\/ul>\n<\/li>\n<\/ul>\n<p>Auf Anfrage per E-mail ist diese Skulptur auch in Ihrer Wunschgr\u00f6\u00dfe erh\u00e4ltlich.<\/p>\n","protected":false},"excerpt":{"rendered":"<p>Die Skulptur &#8222;Die Versuchung &#8211; Die Frau&#8220; ist eine Kunstwerk aus Stahl, das ein verf\u00fchrerisches weibliches Gesicht in hoher Detailgenauigkeit darstellt. Die hochwertige Pulverbeschichtung verleiht der Skulptur ein elegantes Finish und sorgt daf\u00fcr, dass sie sowohl drinnen als auch drau\u00dfen aufgestellt werden kann. Das Kunstwerk ist ideal f\u00fcr Liebhaber von moderner Kunst und Skulpturen, die [&hellip;]<\/p>\n","protected":false},"featured_media":448,"comment_status":"open","ping_status":"closed","template":"","meta":[],"product_brand":[],"product_cat":[55,40],"product_tag":[],"class_list":{"0":"post-398","1":"product","2":"type-product","3":"status-publish","4":"has-post-thumbnail","6":"product_cat-die-versuchung-die-frau","7":"product_cat-skulpturen","9":"first","10":"instock","11":"taxable","12":"shipping-taxable","13":"purchasable","14":"product-type-simple"},"_links":{"self":[{"href":"https:\/\/almaconceptstore.com\/index.php?rest_route=\/wp\/v2\/product\/398","targetHints":{"allow":["GET"]}}],"collection":[{"href":"https:\/\/almaconceptstore.com\/index.php?rest_route=\/wp\/v2\/product"}],"about":[{"href":"https:\/\/almaconceptstore.com\/index.php?rest_route=\/wp\/v2\/types\/product"}],"replies":[{"embeddable":true,"href":"https:\/\/almaconceptstore.com\/index.php?rest_route=%2Fwp%2Fv2%2Fcomments&post=398"}],"wp:featuredmedia":[{"embeddable":true,"href":"https:\/\/almaconceptstore.com\/index.php?rest_route=\/wp\/v2\/media\/448"}],"wp:attachment":[{"href":"https:\/\/almaconceptstore.com\/index.php?rest_route=%2Fwp%2Fv2%2Fmedia&parent=398"}],"wp:term":[{"taxonomy":"product_brand","embeddable":true,"href":"https:\/\/almaconceptstore.com\/index.php?rest_route=%2Fwp%2Fv2%2Fproduct_brand&post=398"},{"taxonomy":"product_cat","embeddable":true,"href":"https:\/\/almaconceptstore.com\/index.php?rest_route=%2Fwp%2Fv2%2Fproduct_cat&post=398"},{"taxonomy":"product_tag","embeddable":true,"href":"https:\/\/almaconceptstore.com\/index.php?rest_route=%2Fwp%2Fv2%2Fproduct_tag&post=398"}],"curies":[{"name":"wp","href":"https:\/\/api.w.org\/{rel}","templated":true}]}}